 is the units digit of 3276?
6
What is the units digit of 28501?
1
What is the units digit of 7024?
4
What is the ten thousands digit of 49149?
4
What is the tens digit of 492?
9
What is the units digit of 772?
2
What is the tens digit of 13821?
2
What is the units digit of 67106?
6
What is the tens digit of 2712?
1
What is the units digit of 121?
1
What is the hundreds digit of 3566?
5
What is the hundreds digit of 1481?
4
What is the units digit of 101?
1
What is the ten thousands digit of 16429?
1
What is the tens digit of 252?
5
What is the tens digit of 32147?
4
What is the thousands digit of 2284?
2
What is the tens digit of 672?
7
What is the hundreds digit of 6488?
4
What is the units digit of 2656?
6
What is the tens digit of 1021?
2
What is the tens digit of 25129?
2
What is the units digit of 12805?
5
What is the hundreds digit of 3753?
7
What is the tens digit of 18584?
8
What is the units digit of 155361?
1
What is the thousands digit of 20454?
0
What is the ten thousands digit of 64858?
6
What is the thousands digit of 3035?
3
What is the tens digit of 222?
2
What is the thousands digit of 7108?
7
What is the thousands digit of 89668?
9
What is the tens digit of 65?
6
What is the hundreds digit of 252?
2
What is the thousands digit of 4593?
4
What is the hundreds digit of 64743?
7
What is the hundreds digit of 6469?
4
What is the units digit of 654?
4
What is the hundreds digit of 9892?
8
What is the units digit of 10444?
4
What is the units digit of 8368?
8
What is the units digit of 2443?
3
What is the ten thousands digit of 18750?
1
What is the units digit of 4161?
1
What is the thousands digit of 3741?
3
What is the units digit of 14224?
4
What is the hundreds digit of 54859?
8
What is the thousands digit of 3689?
3
What is the ten thousands digit of 14718?
1
What is the thousands digit of 1326?
1
What is the hundreds digit of 19392?
3
What is the tens digit of 417?
1
What is the thousands digit of 9958?
9
What is the hundreds digit of 1034?
0
What is the thousands digit of 28829?
8
What is the hundreds digit of 26356?
3
What is the tens digit of 30834?
3
What is the ten thousands digit of 28123?
2
What is the tens digit of 14783?
8
What is the units digit of 4669?
9
What is the hundreds digit of 13674?
6
What is the thousands digit of 8986?
8
What is the tens digit of 1147?
4
What is the hundreds digit of 22041?
0
What is the thousands digit of 22468?
2
What is the units digit of 18241?
1
What is the tens digit of 175794?
9
What is the thousands digit of 18305?
8
What is the units digit of 1843?
3
What is the thousands digit of 1945?
1
What is the units digit of 6693?
3
What is the thousands digit of 2645?
2
What is the units digit of 5071?
1
What is the tens digit of 13278?
7
What is the hundred thousands digit of 109600?
1
What is the tens digit of 422?
2
What is the units digit of 9250?
0
What is the thousands digit of 19060?
9
What is the thousands digit of 3073?
3
What is the hundreds digit of 22114?
1
What is the tens digit of 8284?
8
What is the hundreds digit of 7617?
6
What is the tens digit of 9445?
4
What is the tens digit of 620?
2
What is the hundreds digit of 34893?
8
What is the thousands digit of 8807?
8
What is the thousands digit of 6230?
6
What is the hundreds digit of 118311?
3
What is the units digit of 3072?
2
What is the units digit of 2495?
5
What is the tens digit of 191?
9
What is the ten thousands digit of 36297?
3
What is the units digit of 1561?
1
What is the hundreds digit of 29808?
8
What is the units digit of 1905?
5
What is the hundred thousands digit of 110519?
1
What is the units digit of 78500?
0
What is the hundreds digit of 502?
5
What is the units digit of 1616?
6
What is the hundreds digit of 1787?
7
What is the tens digit of 581?
8
What is the tens digit of 68546?
4
What is the units digit of 4350?
0
What is the tens digit of 5018?
1
What is the hundreds digit of 51786?
7
What is the units digit of 8409?
9
What is the thousands digit of 8042?
8
What is the tens digit of 5951?
5
What is the tens digit of 9532?
3
What is the tens digit of 4296?
9
What is the units digit of 1125?
5
What is the thousands digit of 2807?
2
What is the hundreds digit of 7615?
6
What is the units digit of 32506?
6
What is the thousands digit of 4871?
4
What is the ten thousands digit of 25307?
2
What is the units digit of 2806?
6
What is the units digit of 62898?
8
What is the units digit of 563?
3
What is the ten thousands digit of 19600?
1
What is the units digit of 1252?
2
What is the ten thousands digit of 19951?
1
What is the hundreds digit of 1049?
0
What is the ten thousands digit of 26540?
2
What is the thousands digit of 9217?
9
What is the ten thousands digit of 25421?
2
What is the tens digit of 3377?
7
What is the units digit of 14057?
7
What is the ten thousands digit of 113582?
1
What is the thousands digit of 1298?
1
What is the thousands digit of 12830?
2
What is the thousands digit of 19253?
9
What is the units digit of 27719?
9
What is the ten thousands digit of 15190?
1
What is the tens digit of 382?
8
What is the hundreds digit of 920?
9
What is the units digit of 8313?
3
What is the thousands digit of 9163?
9
What is the tens digit of 2677?
7
What is the thousands digit of 1024?
1
What is the tens digit of 48482?
8
What is the units digit of 3824?
4
What is the tens digit of 1256?
5
What is the tens digit of 580?
8
What is the hundreds digit of 8826?
8
What is the units digit of 3029?
9
What is the thousands digit of 26756?
6
What is the hundreds digit of 924?
9
What is the tens digit of 6724?
2
What is the thousands digit of 1318?
1
What is the hundreds digit of 26449?
4
What is the hundreds digit of 2089?
0
What is the thousands digit of 7128?
7
What is the units digit of 3075?
5
What is the tens digit of 724?
2
What is the hundreds digit of 2388?
3
What is the hundreds digit of 18221?
2
What is the thousands digit of 5473?
5
What is the tens digit of 57334?
3
What is the tens digit of 20550?
5
What is the units digit of 95?
5
What is the hundreds digit of 4033?
0
What is the tens digit of 37188?
8
What is the tens digit of 16448?
4
What is the tens digit of 7140?
4
What is the units digit of 662?
2
What is the units digit of 19228?
8
What is the tens digit of 58344?
4
What is the units digit of 69856?
6
What is the hundreds digit of 3029?
0
What is the tens digit of 28467?
6
What is the units digit of 357?
7
What is the hundreds digit of 3350?
3
What is the thousands digit of 7197?
7
What is the tens digit of 1768?
6
What is the hundreds digit of 297?
2
What is the thousands digit of 4345?
4
What is the units digit of 7596?
6
What is the ten thousands digit of 15408?
1
What is the units digit of 1376?
6
What is the units digit of 18285?
5
What is the thousands digit of 57559?
7
What is the hundreds digit of 464?
4
What is the hundreds digit of 3212?
2
What is the hundreds digit of 196?
1
What is the ten thousands digit of 160290?
6
What is the thousands digit of 2537?
2
What is the units digit of 748?
8
What is the ten thousands digit of 34278?
3
What is the ten thousands digit of 42543?
4
What is the units digit of 727?
7
What is the units digit of 137?
7
What is the units digit of 13?
3
What is the tens digit of 31596?
9
What is the thousands digit of 4448?
4
What is the tens digit of 632?
3
What is the tens digit of 32908?
0
What is the hundreds digit of 345?
3
What is the hundreds digit of 8221?
2
What is the hundreds digit of 27628?
6
What is the hundreds digit of 246?
2
What is the hundreds digit of 63147?
1
What is the units digit of 414?
4
What is the thousands digit of 20255?
0
What is the tens digit of 17665?
6
What is the units digit of 3761?
1
What is the thousands digit of 49221?
9
What is the hundreds digit of 1310?
3
What is the hundreds digit of 28178?
1
What is the tens digit of 11940?
4
What is the thousands digit of 5517?
5
What is the tens digit of 18261?
6
What is the hundreds digit of 2791?
7
What is the hundreds digit of 1126?
1
What is the units digit of 623?
3
What is the hundreds digit of 9775?
7
What is the thousands digit of 3862?
3
What is the thousands digit of 24930?
4
What is the hundreds digit of 756?
7
What is the units digit of 388?
8
What is the